 + 0*l**2 - 3*l + t + p*l. Calculate b(-3).
7
Let a(y) = 4*y**2 - 5*y. Let m(t) = -t**2 + t. Let x(k) = -a(k) - 5*m(k). Determine x(0).
0
Let z(f) = f - 3. Let g be 10 + 0 - (2 + -2). Suppose 5*m + 15 = -g. Give z(m).
-8
Let w(t) = t - 1. Suppose 4*x + 5 = -5*z - 4, -3*x + 5*z - 33 = 0. Let a(h) = 2*h - 2. Let f(b) = x*a(b) + 11*w(b). Calculate f(6).
-5
Let w(m) = -1 - 3*m**2 + 6*m + 2*m**2 - 4*m**2 - m + m**3. Calculate w(4).
3
Let f(z) = z - 2. Suppose 30 = o - 5*s, -6*o + 2*o - 4*s = -72. Suppose -3*v = -3*r + 9, -4*v + 4 = -5*r + o. Let q be (-3 + 1)*-2*v. What is f(q)?
2
Let d = 12 - 8. Let l(m) = 1 - 2*m + 2 - m. Determine l(d).
-9
Let g(x) = 10 + 1 + 2*x - 12 - 3*x - 8*x**3. Give g(-1).
8
Let z(t) = 2*t**2 - 1. Suppose 15*j = 11*j - 4. Give z(j).
1
Let u(k) = 3*k**2 - 3*k - 9. Let l(i) = -5*i**2 + 4*i + 14. Let m(s) = -5*l(s) - 8*u(s). Determine m(-5).
7
Suppose -10 = 4*r + c + c, 5*r = 4*c - 6. Let m(h) = -3*h**2 - 3*h - 2. Calculate m(r).
-8
Suppose 0 = -2*w + 5*v + 4, -3*w - 5*v - 27 + 8 = 0. Let k be 7/(-3) - w/9. Let l be k/(-4) - 3/6. Let b(a) = -a + 10. Calculate b(l).
10
Let q(z) be the second derivative of -2*z**4/3 - z**3/6 - z**2/2 + z. Let a(i) = -i - 2. Let p be a(-1). Calculate q(p).
-8
Let h(d) = d + 1. Let p(z) = 2*z + 2. Let f(b) = -11*h(b) + 6*p(b). Let u be f(2). Let n(o) = -3 + o - 1 + o**u - 19*o**2 + 16*o**2. Determine n(3).
-1
Let y(o) = o**2 + 2*o - 12. Let i be y(-5). Let g(k) = 2 + 0*k + 2*k - i*k + k**2. What is g(0)?
2
Suppose 5*u - 15 = 5*h, -5*u - 4*h + 5 = h. Let c(k) = u*k - 5*k + 1 + 2*k. Determine c(-5).
6
Let m be (-7 + -1)*(12/8 + -1). Let g(x) be the second derivative of -x**3/6 - 5*x**2/2 - x. Give g(m).
-1
Let v = 0 - -2. Let c(d) = -2*d**2 + 3 + 3*d**2 - 1 - v*d. Give c(4).
10
Let p(r) be the first derivative of -r**2/2 + 1. Let v(l) = -4*l - 3*l - 7 + 2*l. Let a(q) = 6*p(q) - v(q). Give a(0).
7
Let t = 4 + 0. Let a(c) = -3*c - t - c**3 + 0 + 4*c**2 + 0. Let q = -10 - -13. Give a(q).
-4
Let v(n) = 7*n**3 - 15*n**2 - 6*n. Let w(j) = -15*j**3 + 31*j**2 + 13*j + 1. Let i(s) = 13*v(s) + 6*w(s). Give i(9).
6
Let d(a) = a**2 + 7*a - 3. Let f(z) = -z**2 + z - 1. Let q be f(3). Calculate d(q).
-3
Let d(a) = -a**3 + 6*a**2 - 2. Let v = 17 + -11. Calculate d(v).
-2
Let k(d) = -9*d**2 - 2 + 0*d + 4*d**2 + 6*d - d**3. Let v be -2 + -5 + 1 + 0. Calculate k(v).
-2
Let d(x) = x**2 - 4*x + 3. Let f(z) be the second derivative of -z**5/20 - z**4/3 - z**3/6 + 3*z. Let i be f(-4). Give d(i).
3
Let l(y) = 16 + 17*y**2 + y + 13*y - 3*y**2 + y**3. What is l(-13)?
3
Let f(z) = 5*z + 3 - 6*z + 3. Let v be f(6). Let l(j) = -j + 6. What is l(v)?
6
Let c(d) = -9*d**2 - 13*d - 11. Let m(g) = -4*g**2 - 6*g - 5. Let q(p) = -6*c(p) + 13*m(p). Let j(y) = -y**3 - 8*y**2 - 6*y + 5. Let a be j(-7). Calculate q(a).
9
Let a(u) be the first derivative of -3*u**2/2 + 3*u - 7. Let k = 6 - 3. Determine a(k).
-6
Let f(i) = -8*i. Suppose -4*c + 24 = 3*b, 0*c = -3*c + 5*b - 11. Let v(z) = -z**3 + 3*z**2 + 1. Let q be v(c). Determine f(q).
-8
Suppose 3*p - q - 7 = p, -5*q = -p + 17. Let r(i) = 0 - p*i + i + 1. Suppose -3*n - 5 + 20 = 0. Give r(n).
-4
Let i = -8 + 10. Let h(y) = y**3 - 3*y**2 + 3*y - 2. Let r be h(i). Let k(s) = 4 + 2*s + r + s**2 - 5*s. What is k(3)?
4
Let r(g) = g - 2 - 55*g**2 + 27*g**3 - 30*g**3 + 55*g**2. Calculate r(-2).
20
Suppose -4*r = -0*r + 8. Let k(j) = -3*j + 7. Let h(c) = -8*c + 20. Let z(s) = 6*h(s) - 17*k(s). Give z(r).
-5
Let s = -15 - -13. Let v be 6/9*(-9)/s. Let d(i) = i**3 - 2*i**2 - 2*i + 3. Give d(v).
6
Let t = 1 - -1. Let q(v) be the first derivative of v**3/3 - v**2 - 8. Calculate q(t).
0
Let h(o) = 3*o - 15. Let q be h(7). Let i(r) = -8 + 4*r**3 + 2*r - 3*r**3 - 6*r**2 - r. Calculate i(q).
-2
Let y(w) = -15*w**2 + 15*w + 2. Let v(g) = -74*g**2 + 76*g + 11. Let p(n) = 2*v(n) - 11*y(n). Let b(i) = 4*i**2 - 3*i. Let j(m) = 9*b(m) - 2*p(m). Give j(-1).
3
Suppose -5*u = 4*w + 14, -2*w + 3*u + 8 = -4*w. Let i(j) = 9*j. Determine i(w).
-9
Suppose -9 = 4*l - 1. Let v(b) = b**3 + 2*b**2 - 2*b - 1. Calculate v(l).
3
Let y(l) = 2*l + 16. Let w be y(-3). Let p(k) = -k + 5. What is p(w)?
-5
Let j(p) be the first derivative of -1/60*p**5 + 5/24*p**4 + p**2 - 1/3*p**3 + 0*p + 1. Let s(o) be the second derivative of j(o). Give s(2).
4
Suppose -4*o + 0*o = 16. Let s be (o + 3)/((-3)/9). Let c be ((-10)/(-15))/((-1)/s). Let n(y) = -y**3 - 2*y**2 + y + 1. Calculate n(c).
-1
Let d(k) = -k - 4. Suppose 9*m + 35 = 4*m. What is d(m)?
3
Let x = -5 - -11. Let c(h) = -77 + 69 + 5*h - 2*h + 4*h - h**2. What is c(x)?
-2
Let l(g) be the first derivative of -g**4/4 + 4*g**3/3 + 2*g**2 - 3*g + 1. Suppose -2*b = -3*b + 5. Give l(b).
-8
Let h(s) be the second derivative of -s**6/720 - s**5/60 - s**4/3 - s. Let t(l) be the third derivative of h(l). What is t(-2)?
0
Let j(k) = 3*k - 5. Let l be j(6). Let i(m) = m + 6 - 5 - l*m. Calculate i(1).
-11
Let a(u) = -u**3 + 4*u**2 - 5*u + 4. Let r = 12 - 9. Give a(r).
-2
Suppose z + 33 = -5*j, -3*z + 21 = -j - 8*z. Let f(k) = k**2 + 7*k - 4. Determine f(j).
-10
Let q = 18 + -12. Suppose -4*m - 10 = q. Let i(h) = -2*h**2 - 5*h + 4. Give i(m).
-8
Let y(w) = w + 4. Let n(r) = 1 - 99*r**2 - r**3 + r - 4 + 106*r**2. Let a(s) = 8*s - 1. Let m be a(1). Let u be n(m). Give y(u).
8
Let l(d) = 5*d - 8. Let f(g) = -g. Let c(r) = 4*f(r) + l(r). Determine c(4).
-4
Let a(w) = -12*w + 11. Let g(m) = -6*m + 6. Let r(f) = -6*a(f) + 11*g(f). Let b(v) = -3*v - 2. Let k be b(-1). Give r(k).
6
Let l(j) be the second derivative of j**6/360 - j**5/30 - j**3/3 + j. Let y(g) be the second derivative of l(g). Let r be (3 - 2) + 1 + 1. Give y(r).
-3
Suppose -4*n = 4*s - 19 + 3, -n + 7 = -2*s. Let b(t) = -t**3 + 5*t**2 - 1. Give b(n).
-1
Suppose -3*s + 11 = -4. Let g = -3 + s. Let o(m) = m - 5*m - g + 4*m - 2*m. Calculate o(-4).
6
Let t = -20 - -21. Let q be -3 + t - 0 - -1. Let a(w) = -9*w - 1. Determine a(q).
8
Let v(s) = -24*s**3 + 7*s**2 - 2*s - 2. Let d(z) = -36*z**3 + 10*z**2 - 3*z - 3. Let a(h) = -5*d(h) + 7*v(h). Calculate a(-1).
-13
Let u be (0 + 6)/((-1)/1). Let s(c) = c + 9 + 1 + 0*c - 5. Calculate s(u).
-1
Let m = 7 - 5. Let z(u) = 2*u**3 - 1 - 1 - 2*u**2 + 4 + 3*u - 6*u. Let b(q) = 2*q**3 - 2*q**2 - 4*q + 3. Let a(j) = -2*b(j) + 3*z(j). What is a(m)?
6
Let y(m) = 7*m + 7. Let g(z) = -8*z - 8. Let l(r) = 6*g(r) + 7*y(r). Let k be l(-1). Let j(u) = -u**2 - u + 3. What is j(k)?
3
Suppose 4*y + 3*z - 12 = 5, 4*y = -4*z + 20. Suppose y = q + 1. Let k(o) = -q - o + 6 - 1 - o. Give k(5).
-6
Let h be 2/3 + (-70)/6. Let y = -6 - h. Let s(w) be the second derivative of w**5/20 - 5*w**4/12 - w**3/6 - 2*w. Calculate s(y).
-5
Let o(j) be the third derivative of -j**5/60 + 3*j**4/8 - 2*j**3/3 - j**2. What is o(8)?
4
Let s(p) = -3*p**2 + p + 4. Let t(w) = -w + 18. Let h be t(15). Determine s(h).
-20
Let o(d) = -10 - 10 + 3 + 3 + d - d**2. Give o(0).
-14
Let u(z) = -z**2 + 6*z - 1. Let g be u(5). Let f(x) = -x**2 + 3. Let m(a) = -6 + a - 1 - 3*a + 2*a**2 + 3*a. Let w(n) = -7*f(n) - 3*m(n). Determine w(g).
4
Let w(c) = 13*c**3 + 25*c**2 + 14*c + 17. Let k(r) = 12 - 3 + 54*r**2 - 41*r**2 + 7*r + 7*r**3. Let h(z) = 11*k(z) - 6*w(z). Calculate h(-6).
3
Let m(b) be the first derivative of 3*b - 3/2*b**2 - 1. What is m(4)?
-9
Let t = -10 - -10. Suppose -2*p - p = t. Let z(g) = -g**3 - g**2 - g - 5. Give z(p).
-5
Let m(c) be the first derivative of c**3/3 - 5*c**2/2 + 3*c + 1. Suppose -11*y + 12 = -7*y. What is m(y)?
-3
Let j(m) = m**3 - 5*m**2 - 4*m + 7. Let n be 26/6 - (-4)/6. Give j(n).
-13
Suppose -3*z + 7*z + 20 = 0. Let d(w) = w**3 + 6*w**2 + 7*w + 3. Give d(z).
-7
Let c be (-6 + 2)*9/4. Let s be 16/(-2)*(-1)/2. Let t = c + s. Let o(y) = -y**2 - 6*y - 3. Give o(t).
2
Let i(o) = -o**3 + 3*o**2 + 3. Suppose -4*v = -2*h + 12, 0 = 4*h - 2*h + 2*v - 6. Give i(h).
-13
Let h(j) = -j**3 + 2*j**2 + j - 1. Suppose -i + 3*i = 2. Calculate h(i).
1
Let s(c) = 10*c - 5 + 8*c - 13*c. Let k be s(2). Let b(z) = 4*z - 5. Give b(k).
15
Let f(t) be the first derivative of -4/3*t**3 + 1/2*t**2 - 2 + t. Let j = 9 + -10. Determine f(j).
-4
Let i(f) = -f**2 - 4*f + 8. Let m be (-4*(0 - 2))/2. Suppose -m*t - 16 = 8. What is i(t)?
-4
Let u(j) be the third derivative of j**6/120 + j**5/20 + j**4/24 - j**3/6 + 2*j**2. Suppose 5*w = 3*q - 9, 5*w +